ple of 158?
True
Does 32 divide 21236987?
False
Is 276359113 a multiple of 483?
False
Is 692 a factor of 77646507?
False
Does 57 divide 14380929?
True
Does 799 divide 40569225?
True
Is 360 a factor of 432540533?
False
Does 135 divide 8202365?
False
Does 59 divide 18926489?
False
Is 3 a factor of 27547080?
True
Does 34 divide 118627859?
False
Does 1689 divide 1866001709?
False
Does 3054 divide 12415495?
False
Is 3 a factor of 24008987?
False
Is 3 a factor of 6010739?
False
Is 695824320 a multiple of 16?
True
Is 30469824 a multiple of 24?
True
Does 11 divide 1063400437?
True
Is 3938 a factor of 1922575810?
False
Is 43 a factor of 1014349703?
False
Is 206186524 a multiple of 433?
False
Does 1243 divide 693518228?
False
Is 181147880 a multiple of 8?
True
Is 7 a factor of 103816105?
False
Is 41381389 a multiple of 1101?
False
Is 48 a factor of 239584877?
False
Is 5 a factor of 18095780?
True
Is 12 a factor of 17099313?
False
Does 13 divide 402694015?
False
Is 27829026 a multiple of 9?
True
Is 5 a factor of 25023315?
True
Is 515 a factor of 12216285?
False
Is 83827045 a multiple of 11?
False
Is 494 a factor of 16446742?
True
Does 34 divide 9588238?
True
Is 13 a factor of 404417?
True
Is 351062262 a multiple of 18?
True
Is 306245146 a multiple of 427?
False
Does 17 divide 61671856?
False
Is 9 a factor of 31770540?
True
Is 2 a factor of 77559864?
True
Is 5942443 a multiple of 53?
False
Is 13 a factor of 725969153?
True
Is 158951411 a multiple of 17?
True
Is 33 a factor of 80337271?
False
Does 44 divide 11568697?
False
Does 48 divide 47585472?
True
Is 423 a factor of 845286919?
False
Is 2753164282 a multiple of 251?
True
Is 149 a factor of 98953584?
False
Does 227 divide 74291652?
True
Is 50 a factor of 185904350?
True
Is 120 a factor of 4632029?
False
Is 1493440 a multiple of 104?
True
Is 180 a factor of 41740560?
True
Is 16 a factor of 10101898?
False
Is 56009584 a multiple of 521?
True
Is 571433850 a multiple of 30?
True
Is 8 a factor of 25790512?
True
Is 13 a factor of 31765051?
False
Is 184 a factor of 19733448?
True
Is 1043 a factor of 195991384?
False
Does 66 divide 83157888?
True
Does 9 divide 8678889?
True
Does 160 divide 34929564?
False
Is 414042882 a multiple of 4048?
False
Does 848 divide 2114064?
True
Is 35119879 a multiple of 3?
False
Does 25 divide 451351?
False
Does 827 divide 284936?
False
Is 810851495 a multiple of 141?
False
Is 2192 a factor of 1662207285?
False
Is 12 a factor of 744714117?
False
Does 301 divide 21368592?
True
Is 7279849 a multiple of 16?
False
Is 13 a factor of 517807?
False
Is 84 a factor of 12686856?
True
Is 54 a factor of 25132896?
True
Is 19 a factor of 10145449?
True
Does 1153 divide 32483560?
False
Is 57 a factor of 13527575?
False
Does 867 divide 4923693?
True
Is 501180391 a multiple of 3?
False
Is 400 a factor of 47956862?
False
Is 11 a factor of 1391194?
False
Does 16 divide 357690720?
True
Is 1082546350 a multiple of 149?
False
Does 18 divide 53468017?
False
Is 676 a factor of 566727601?
False
Is 364 a factor of 1971857160?
True
Is 125 a factor of 11002500?
True
Is 4322675 a multiple of 28?
False
Is 38 a factor of 112396172?
True
Is 2358597 a multiple of 17?
True
Is 8860 a factor of 305725351?
False
Does 11 divide 796524698?
False
Is 5 a factor of 3579485?
True
Does 30 divide 47184690?
True
Is 23 a factor of 2181243778?
True
Is 709 a factor of 4834644767?
True
Is 1681032172 a multiple of 21?
False
Is 208571634 a multiple of 61?
False
Is 1840128642 a multiple of 4486?
False
Is 40 a factor of 1549081?
False
Does 928 divide 11097952?
True
Is 447582503 a multiple of 77?
False
Is 1181 a factor of 87221574?
True
Is 42221262 a multiple of 717?
True
Is 194005296 a multiple of 48?
True
Is 4374816711 a multiple of 8348?
False
Is 2289582 a multiple of 289?
False
Is 33327284 a multiple of 71?
False
Is 510929572 a multiple of 6?
False
Does 310 divide 108519960?
False
Is 571952594 a multiple of 288?
False
Does 7 divide 21780984?
False
Is 147166049 a multiple of 12?
False
Is 31 a factor of 3270841?
True
Does 37 divide 52572967?
True
Does 5 divide 219582607?
False
Is 2727 a factor of 34602236?
False
Does 1934 divide 940838782?
True
Is 305904096 a multiple of 6246?
True
Does 511 divide 518367762?
False
Does 594 divide 1751722883?
False
Does 40 divide 1508039745?
False
Does 7 divide 87180672?
False
Does 657 divide 92770145?
False
Is 336260210 a multiple of 703?
False
Is 10661485 a multiple of 2?
False
Is 5919372 a multiple of 828?
True
Does 259 divide 26211380?
False
Is 52492846 a multiple of 6?
False
Does 168 divide 658448784?
True
Does 225 divide 353570615?
False
Does 12 divide 1558479420?
True
Is 12925975 a multiple of 334?
False
Is 696500626 a multiple of 218?
True
Does 46 divide 21194558?
False
Is 63004832 a multiple of 142?
True
Is 46 a factor of 396246530?
True
Is 7276 a factor of 208806648?
True
Does 101 divide 911501972?
True
Is 36004531 a multiple of 1751?
False
Does 473 divide 208908964?
True
Is 8 a factor of 691328716?
False
Is 34 a factor of 3697316?
False
Is 47 a factor of 1694017503?
False
Does 23 divide 146848951?
True
Does 2247 divide 45794589?
False
Is 32482302 a multiple of 5?
False
Is 696928712 a multiple of 92?
False
Does 65 divide 174324215?
True
Is 9845011 a multiple of 11?
True
Is 1159 a factor of 169437722?
False
Does 80 divide 1968251729?
False
Is 452014437 a multiple of 20?
False
Does 31 divide 213638840?
False
Is 9875448 a multiple of 198?
True
Is 12 a factor of 124263641?
False
Is 646 a factor of 170846974?
True
Is 26 a factor of 329102?
False
Does 26 divide 4392336?
True
Is 15 a factor of 21158700?
True
Does 347 divide 15737129?
False
Is 2342 a factor of 1298271507?
False
Is 2241463732 a multiple of 232?
False
Does 169 divide 218373181?
True
Is 508658185 a multiple of 5?
True
Is 246437879 a multiple of 12?
False
Is 110468676 a multiple of 12?
True
Is 1294141 a multiple of 23?
True
Does 16 divide 17375263?
False
Is 107 a factor of 454499299?
True
Is 154498950 a multiple of 261?
True
Is 1270032760 a multiple of 4?
True
Is 1006225793 a multiple of 47?
False
Is 56 a factor of 201187168?
True
Is 1982793144 a multiple of 71?
True
Does 6 divide 108773262?
True
Is 477 a factor of 71207037?
True
Is 260043540 a multiple of 821?
True
Is 354548455 a multiple of 12?
False
Is 7 a factor of 244054734?
True
Does 135 divide 17553563?
False
Is 1620096339 a multiple of 2407?
True
Does 26 divide 6016727?
False
Is 179456760 a multiple of 4012?
True
Is 154 a factor of 188610884?
True
Does 15 divide 358466370?
True
Is 261108744 a multiple of 2406?
True
Is 34 a factor of 7904694?
True
Is 23098478 a multiple of 17?
True
Does 740 divide 123235900?
True
Is 300433910 a multiple of 203?
True
Is 218 a factor of 140562509?
False
Does 933 divide 136149958?
False
Does 1819 divide 19823462?
True
Is 2202 a factor of 45030900?
True
Is 4451160747 a multiple of 33?
True
Is 88 a factor of 3417973?
False
Is 1532 a factor of 280763759?
False
Is 547841 a multiple of 2?
False
Does 32 divide 1761327?
False
Is 107275432 a multiple of 47?
True
Does 74 divide 61365462?
True
Is 3421459440 a multiple of 3240?
True
Is 799150716 a multiple of 148?
True
Does 280 divide 312670100?
False
Is 34 a factor of 21675350?
False
Does 4 divide 457323427?
False
Does 1234 divide 21133484?
True
Is 66400698 a multiple of 26?
True
Does 31 divide 2274748184?
False
Is 363548056 a multiple of 435?
False
Is 1952 a factor of 177325536?
True
Is 134 a factor of 123554880?
False
Does 431 divide 68860774?
False
Is 114155483 a multiple of 1455?
False
Does 105 divide 472945052?
False
Is 66664184 a multiple of 2?
True
Does 39 divide 19944297?
False
Does 1072 divide 216728384?
True
Does 1066 divide 416378534?
True
Does 6 divide 1958339?
False
Does 155 divide 933983965?
True
Is 25 a factor of 30423486?
False
Is 1274 a factor of 107963856?
True
Does 12 divide 89757535?
False
Is 992 a factor of 13651904?
True
Is 5256142 a multiple of 43?
False
Is 8 a factor of 318220021?
False
Is 9047746 a multiple of 1701?
False
Does 1271 divide 46849711?
False
Does 10 divide 402897645?
False
Is 98 a factor of 4331306?
True
Is 578 a factor of 30277952?
True
Does 428 divide 18583999?
False
Is 249 a factor of 154642197?
True
Is 12 a factor of 262427976?
True
Is 49592520 a multiple of 216?
